 the tens digit of 212?
1
What is the hundreds digit of 32451?
4
What is the tens digit of 5243?
4
What is the thousands digit of 85170?
5
What is the tens digit of 2955?
5
What is the tens digit of 4911?
1
What is the tens digit of 1955?
5
What is the units digit of 39573?
3
What is the thousands digit of 20794?
0
What is the units digit of 394?
4
What is the thousands digit of 2695?
2
What is the hundreds digit of 4908?
9
What is the hundreds digit of 18129?
1
What is the thousands digit of 54941?
4
What is the tens digit of 4150?
5
What is the hundreds digit of 55047?
0
What is the thousands digit of 10376?
0
What is the ten thousands digit of 182505?
8
What is the hundreds digit of 391?
3
What is the units digit of 686?
6
What is the tens digit of 673?
7
What is the hundreds digit of 48930?
9
What is the units digit of 2345?
5
What is the tens digit of 62459?
5
What is the hundreds digit of 2599?
5
What is the units digit of 1292?
2
What is the tens digit of 2691?
9
What is the units digit of 56259?
9
What is the hundreds digit of 443?
4
What is the hundreds digit of 71483?
4
What is the units digit of 2775?
5
What is the ten thousands digit of 17322?
1
What is the ten thousands digit of 93507?
9
What is the thousands digit of 1424?
1
What is the units digit of 253?
3
What is the units digit of 15937?
7
What is the tens digit of 2630?
3
What is the ten thousands digit of 12897?
1
What is the ten thousands digit of 46117?
4
What is the ten thousands digit of 14005?
1
What is the hundreds digit of 1115?
1
What is the units digit of 8532?
2
What is the thousands digit of 2783?
2
What is the tens digit of 29080?
8
What is the units digit of 15886?
6
What is the tens digit of 167?
6
What is the hundreds digit of 22113?
1
What is the units digit of 3861?
1
What is the tens digit of 6726?
2
What is the tens digit of 288?
8
What is the units digit of 31004?
4
What is the units digit of 39503?
3
What is the units digit of 7612?
2
What is the units digit of 1360?
0
What is the hundreds digit of 1484?
4
What is the hundreds digit of 356?
3
What is the tens digit of 102?
0
What is the ten thousands digit of 11125?
1
What is the units digit of 6357?
7
What is the hundreds digit of 7063?
0
What is the tens digit of 22495?
9
What is the tens digit of 1060?
6
What is the ten thousands digit of 26654?
2
What is the hundreds digit of 1736?
7
What is the units digit of 1321?
1
What is the thousands digit of 1982?
1
What is the thousands digit of 56117?
6
What is the hundreds digit of 9825?
8
What is the thousands digit of 10436?
0
What is the units digit of 47779?
9
What is the thousands digit of 35519?
5
What is the hundreds digit of 3049?
0
What is the tens digit of 349?
4
What is the tens digit of 1304?
0
What is the units digit of 39602?
2
What is the units digit of 380?
0
What is the ten thousands digit of 37584?
3
What is the tens digit of 121176?
7
What is the tens digit of 728?
2
What is the units digit of 390?
0
What is the tens digit of 4757?
5
What is the ten thousands digit of 52151?
5
What is the tens digit of 668?
6
What is the tens digit of 3892?
9
What is the thousands digit of 17274?
7
What is the units digit of 2782?
2
What is the hundreds digit of 1846?
8
What is the thousands digit of 7492?
7
What is the hundreds digit of 12193?
1
What is the units digit of 14270?
0
What is the units digit of 1854?
4
What is the tens digit of 51531?
3
What is the ten thousands digit of 22230?
2
What is the tens digit of 28454?
5
What is the units digit of 63207?
7
What is the tens digit of 9168?
6
What is the units digit of 6361?
1
What is the ten thousands digit of 72676?
7
What is the tens digit of 6396?
9
What is the tens digit of 166?
6
What is the hundreds digit of 33166?
1
What is the units digit of 3617?
7
What is the tens digit of 224?
2
What is the thousands digit of 1805?
1
What is the units digit of 2643?
3
What is the tens digit of 14626?
2
What is the tens digit of 19459?
5
What is the hundreds digit of 93799?
7
What is the tens digit of 1983?
8
What is the thousands digit of 24819?
4
What is the tens digit of 19730?
3
What is the units digit of 11605?
5
What is the tens digit of 54739?
3
What is the units digit of 3338?
8
What is the hundreds digit of 1462?
4
What is the hundreds digit of 838?
8
What is the hundreds digit of 935?
9
What is the hundreds digit of 6175?
1
What is the tens digit of 2608?
0
What is the hundreds digit of 361?
3
What is the thousands digit of 17889?
7
What is the tens digit of 2615?
1
What is the hundreds digit of 641?
6
What is the thousands digit of 1679?
1
What is the thousands digit of 3044?
3
What is the units digit of 5920?
0
What is the thousands digit of 187982?
7
What is the hundreds digit of 2929?
9
What is the hundreds digit of 1578?
5
What is the units digit of 584?
4
What is the units digit of 10744?
4
What is the units digit of 231?
1
What is the units digit of 3806?
6
What is the thousands digit of 11260?
1
What is the tens digit of 7326?
2
What is the hundreds digit of 471?
4
What is the tens digit of 76009?
0
What is the units digit of 952?
2
What is the units digit of 436?
6
What is the hundreds digit of 2105?
1
What is the tens digit of 36076?
7
What is the tens digit of 1653?
5
What is the hundreds digit of 5676?
6
What is the tens digit of 47596?
9
What is the thousands digit of 69171?
9
What is the tens digit of 2841?
4
What is the ten thousands digit of 14786?
1
What is the thousands digit of 2109?
2
What is the hundreds digit of 30494?
4
What is the units digit of 41128?
8
What is the units digit of 1801?
1
What is the units digit of 1411?
1
What is the units digit of 3705?
5
What is the units digit of 12?
2
What is the tens digit of 2219?
1
What is the tens digit of 28405?
0
What is the tens digit of 1369?
6
What is the thousands digit of 82173?
2
What is the units digit of 4901?
1
What is the thousands digit of 166377?
6
What is the tens digit of 22903?
0
What is the tens digit of 1690?
9
What is the thousands digit of 5973?
5
What is the tens digit of 13039?
3
What is the units digit of 400?
0
What is the ten thousands digit of 23209?
2
What is the hundreds digit of 201?
2
What is the ten thousands digit of 32416?
3
What is the units digit of 419?
9
What is the units digit of 7176?
6
What is the ten thousands digit of 12028?
1
What is the tens digit of 34914?
1
What is the tens digit of 99?
9
What is the hundreds digit of 237?
2
What is the hundreds digit of 565?
5
What is the ten thousands digit of 57671?
5
What is the tens digit of 819?
1
What is the units digit of 965?
5
What is the units digit of 15247?
7
What is the units digit of 3334?
4
What is the tens digit of 29051?
5
What is the hundreds digit of 244?
2
What is the tens digit of 693?
9
What is the tens digit of 3169?
6
What is the units digit of 13267?
7
What is the thousands digit of 1270?
1
What is the tens digit of 2496?
9
What is the units digit of 1423?
3
What is the thousands digit of 3031?
3
What is the tens digit of 25073?
7
What is the thousands digit of 3779?
3
What is the hundreds digit of 712?
7
What is the ten thousands digit of 13089?
1
What is the tens digit of 22185?
8
What is the thousands digit of 95434?
5
What is the hundred thousands digit of 108229?
1
What is the hundreds digit of 5977?
9
What is the tens digit of 8034?
3
What is the thousands digit of 3688?
3
What is the thousands digit of 50164?
0
What is the hundreds digit of 1498?
4
What is the units digit of 4611?
1
What is the ten thousands digit of 21458?
2
What is the units digit of 656?
6
What is the hundreds digit of 1466?
4
What is the thousands digit of 3350?
3
What is the units digit of 3590?
0
What is the tens digit of 15707?
0
What is the hundreds digit of 29448?
4
What is the ten thousands digit of 25058?
2
What is the hundreds digit of 2499?
4
What is the units digit of 68?
8
What is the thousands digit of 15700?
5
What is the hundreds digit of 21936?
9
What is the thousands digit of 6174?
6
What is the hundreds digit of 1738?
7
What is the tens digit of 83070?
7
What is the hundreds digit of 107211?
2
What is the hundreds digit of 35610?
6
What is the ten thousands digit of 131439?
3
What is the units digit of 21003?
3
What is the tho